{"id":94,"date":"2019-05-09T07:16:56","date_gmt":"2019-05-09T07:16:56","guid":{"rendered":"http:\/\/ferienwohnung-voelklingen-city.de\/?page_id=94"},"modified":"2023-08-08T11:42:10","modified_gmt":"2023-08-08T11:42:10","slug":"ferienwohnung-in-voelklingen-city-2-2-3","status":"publish","type":"page","link":"http:\/\/ferienwohnung-voelklingen-city.de\/?page_id=94","title":{"rendered":"Beherbergungsvertrag"},"content":{"rendered":"<div id=\"pbuilder_wrapper\">\n<div id=\"pbuilder_content_wrapper\">\n<div id=\"pbuilder_content\">\n<div class=\"pbuilder_row pbuilder_row_id_9\" data-rowtype=\"0\" data-rowid=\"9\">\n<div class=\"pbuilder_row_colwrapper\" style=\"padding: 0px 0px 0px 0px;\">\n<div class=\"pbuilder_column pbuilder_column-1-1\" data-colnumber=\"0\">\n<div class=\" pbuilder_column_inner pbuilder_droppable\">\n<div class=\"pbuilder_module\" data-shortcode=\"image\" data-modid=\"0\">\n<style type=\"text\/css\" scoped=\"scoped\">#frb_image_1801441781.frb_onScreen.frb_animated {-webkit-animation-duration: 1000ms; animation-duration: 1000ms;}#frb_image_1801441781.frb_onScreen.frb_hinge {-webkit-animation-duration: 2000ms; animation-duration: 2000ms;}<\/style>\n<style type=\"text\/css\" scoped=\"scoped\">#frb_image_1801441781 .frb_image_hover {background:#000000;}<\/style>\n<div id=\"frb_image_1801441781\" class=\"\">\n<div class=\"frb_image\"><span style=\"text-align: center; width: 100%; display: block;\"><span class=\"frb_image_inner frb_image_border \" data-bordercolor=\"#376a6e\" data-borderhover=\"#376a6e\"><br \/>\n<img decoding=\"async\" id=\"\" class=\" frb_image_flat\" style=\"margin: 0px 0px 0px 0px; padding: 0px 0px 0px 0px; border: none; box-sizing: border-box; margin-left: auto; margin-right: auto;\" title=\"Ferienwohnungen-in-Voelklingen-City\" src=\"http:\/\/ferienwohnung-voelklingen-city.de\/wp-content\/uploads\/2019\/05\/Ferienwohnungen-in-Voelklingen22-1.png\" alt=\"Ferienwohung in V\u00f6lklingen City\" \/><br \/>\n<i class=\"frb_icon fa fa-search\" style=\"line-height: 30px; font-size: 30px; height: 30px; width: 30px; margin: -15px;\"><\/i><\/span><\/span><\/div>\n<\/div>\n<style><\/style>\n<\/div>\n<\/div>\n<\/div>\n<div style=\"clear: both;\"><\/div>\n<\/div>\n<\/div>\n<style><\/style>\n<div class=\"pbuilder_row pbuilder_row_id_11\" data-rowtype=\"0\" data-rowid=\"11\">\n<div class=\"pbuilder_row_colwrapper\" style=\"padding: 0px 0px 0px 0px;\">\n<div class=\"pbuilder_column pbuilder_column-1-1\" data-colnumber=\"0\">\n<div class=\" pbuilder_column_inner pbuilder_droppable\">\n<div class=\"pbuilder_module\" data-shortcode=\"menu\" data-modid=\"28\">\n<style type=\"text\/css\" scoped=\"\">#frb_menu2131098755.frb_onScreen.frb_animated {-webkit-animation-duration: 1000ms; animation-duration: 1000ms;}#frb_menu2131098755.frb_onScreen.frb_hinge {-webkit-animation-duration: 2000ms; animation-duration: 2000ms;}<\/style>\n<div id=\"#frb_menu2131098755\" class=\"\" style=\"margin: 0px 0px 36px 0px; padding: 0px 0px 0px 0px; border: none; ; box-sizing: border-box;\">\n<style type=\"text\/css\" scoped=\"\">\n\t\t#frb_menu2131098755 {<br \/>\n\t\t\tbackground:;<br \/>\n\t\t}<br \/>\n\t\t#frb_menu2131098755 ul.frb_menu a {<br \/>\n\t\t\tcolor:rgb(11, 59, 241);<br \/>\n\t\t}<br \/>\n\t\t#frb_menu2131098755 ul.frb_menu ul.sub-menu a {<br \/>\n\t\t\tcolor:#808080;<br \/>\n\t\t}<br \/>\n\t\t#frb_menu2131098755 .frb_menu_header {<br \/>\n\t\t\tcolor:rgb(11, 59, 241);<br \/>\n\t\t\tborder-bottom:1px solid #27a8e1;<br \/>\n\t\t}<br \/>\n\t\t#frb_menu2131098755 ul.frb_menu ul.sub-menu li {<br \/>\n\t\t\tbackground:#f4f4f4;<br \/>\n\t\t}<\/p>\n<p>\t\t#frb_menu2131098755 ul.frb_menu.frb_menu_horizontal-clean ul.sub-menu:before {<br \/>\n\t\t\tborder-bottom-color:#27a8e1;<br \/>\n\t\t}<br \/>\n\t\t#frb_menu2131098755 ul.frb_menu.frb_menu_horizontal-clean ul.sub-menu:after {<br \/>\n\t\t\tborder-bottom-color:#f4f4f4;<br \/>\n\t\t}<br \/>\n\t\t#frb_menu2131098755 ul.frb_menu.frb_menu_horizontal-clean ul.sub-menu a {<br \/>\n\t\t\tborder-top:1px solid #ebecee;<br \/>\n\t\t}<\/p>\n<p>\t\t#frb_menu2131098755 ul.frb_menu.frb_menu_horizontal-clean ul.sub-menu li:first-child a {<br \/>\n\t\t\tborder-top:1px solid #27a8e1;<br \/>\n\t\t}<br \/>\n\t\t#frb_menu2131098755 ul.frb_menu.frb_menu_horizontal-squared ul.sub-menu:before,<br \/>\n\t\t#frb_menu2131098755 ul.frb_menu.frb_menu_horizontal-squared ul.sub-menu:after,<br \/>\n\t\t#frb_menu2131098755 ul.frb_menu.frb_menu_horizontal-rounded ul.sub-menu:before,<br \/>\n\t\t#frb_menu2131098755 ul.frb_menu.frb_menu_horizontal-rounded ul.sub-menu:after {<br \/>\n\t\t\tborder-bottom-color:#f4f4f4;<br \/>\n\t\t}<\/p>\n<p>\t\t#frb_menu2131098755.frb_menu_container_vertical-clean .frb_menu_header,<br \/>\n\t\t#frb_menu2131098755.frb_menu_container_vertical-squared .frb_menu_header,<br \/>\n\t\t#frb_menu2131098755.frb_menu_container_vertical-rounded .frb_menu_header{<br \/>\n\t\t\tcolor:rgb(11, 59, 241);<br \/>\n\t\t}<br \/>\n\t\t#frb_menu2131098755.frb_menu_container_vertical-clean ul.frb_menu,<br \/>\n\t\t#frb_menu2131098755.frb_menu_container_vertical-squared ul.frb_menu,<br \/>\n\t\t#frb_menu2131098755.frb_menu_container_vertical-rounded ul.frb_menu {<br \/>\n\t\t\tbackground:#f4f4f4;<br \/>\n\t\t}<br \/>\n\t\t#frb_menu2131098755.frb_menu_container_vertical-clean ul.frb_menu a,<br \/>\n\t\t#frb_menu2131098755.frb_menu_container_vertical-squared ul.frb_menu a,<br \/>\n\t\t#frb_menu2131098755.frb_menu_container_vertical-rounded ul.frb_menu a{<br \/>\n        \tcolor:rgb(11, 59, 241);<br \/>\n        }<br \/>\n\t\t#frb_menu2131098755.frb_menu_container_vertical-clean ul.frb_menu ul.sub-menu a,<br \/>\n\t\t#frb_menu2131098755.frb_menu_container_vertical-squared ul.frb_menu ul.sub-menu a,<br \/>\n\t\t#frb_menu2131098755.frb_menu_container_vertical-rounded ul.frb_menu ul.sub-menu a  {<br \/>\n\t\t\tcolor:#808080;<br \/>\n\t\t}<\/p>\n<p>\t\t#frb_menu2131098755 ul.frb_menu.frb_menu_vertical-clean a,<br \/>\n\t\t#frb_menu2131098755 ul.frb_menu.frb_menu_vertical-squared a,<br \/>\n\t\t#frb_menu2131098755 ul.frb_menu.frb_menu_vertical-rounded a,<br \/>\n\t\t#frb_menu2131098755 ul.frb_menu.frb_menu_vertical-clean > li > ul.sub-menu,<br \/>\n\t\t#frb_menu2131098755 ul.frb_menu.frb_menu_vertical-squared > li > ul.sub-menu,<br \/>\n\t\t#frb_menu2131098755 ul.frb_menu.frb_menu_vertical-rounded > li > ul.sub-menu {<br \/>\n\t\t\tborder-top:1px solid #ebecee;<br \/>\n\t\t}<br \/>\n\t\t#frb_menu2131098755 ul.frb_menu.frb_menu_vertical-clean li:first-child a,<br \/>\n\t\t#frb_menu2131098755 ul.frb_menu.frb_menu_vertical-squared li:first-child a,<br \/>\n\t\t#frb_menu2131098755 ul.frb_menu.frb_menu_vertical-rounded li:first-child a,<br \/>\n\t\t#frb_menu2131098755 ul.frb_menu.frb_menu_vertical-clean ul.sub-menu a,<br \/>\n\t\t#frb_menu2131098755 ul.frb_menu.frb_menu_vertical-squared ul.sub-menu a,<br \/>\n\t\t#frb_menu2131098755 ul.frb_menu.frb_menu_vertical-rounded ul.sub-menu a {<br \/>\n\t\t\tborder-top:0;<br \/>\n\t\t}<br \/>\n\t\t#frb_menu2131098755.frb_menu_container_dropdown-clean .frb_menu_header,<br \/>\n\t\t#frb_menu2131098755.frb_menu_container_dropdown-squared .frb_menu_header,<br \/>\n\t\t#frb_menu2131098755.frb_menu_container_dropdown-rounded .frb_menu_header {<br \/>\n\t\t\tcolor:rgb(11, 59, 241);<br \/>\n\t\t\tborder:0;<br \/>\n\t\t}<br \/>\n\t\t#frb_menu2131098755.frb_menu_container_dropdown-clean .frb_menu_header:before,<br \/>\n\t\t#frb_menu2131098755.frb_menu_container_dropdown-squared .frb_menu_header:before,<br \/>\n\t\t#frb_menu2131098755.frb_menu_container_dropdown-rounded .frb_menu_header:before {<br \/>\n\t\t\tbackground:rgb(11, 59, 241);<br \/>\n\t\t}<br \/>\n\t\t#frb_menu2131098755.frb_menu_container_dropdown-clean .frb_menu_header:after,<br \/>\n\t\t#frb_menu2131098755.frb_menu_container_dropdown-squared .frb_menu_header:after,<br \/>\n\t\t#frb_menu2131098755.frb_menu_container_dropdown-rounded .frb_menu_header:after {<br \/>\n\t\t\tborder-top-color:rgb(11, 59, 241);<br \/>\n\t\t}<\/p>\n<p>\t\t#frb_menu2131098755.frb_menu_container_dropdown-clean ul.frb_menu:before {<br \/>\n\t\t\tborder-bottom-color:#27a8e1;<br \/>\n\t\t}<br \/>\n\t\t#frb_menu2131098755.frb_menu_container_dropdown-clean ul.frb_menu:after {<br \/>\n\t\t\tborder-bottom-color:#f4f4f4;<br \/>\n\t\t}<\/p>\n<p>\t\t#frb_menu2131098755.frb_menu_container_dropdown-squared ul.frb_menu:before,<br \/>\n\t\t#frb_menu2131098755.frb_menu_container_dropdown-squared ul.frb_menu:after,<br \/>\n\t\t#frb_menu2131098755.frb_menu_container_dropdown-rounded ul.frb_menu:before,<br \/>\n\t\t#frb_menu2131098755.frb_menu_container_dropdown-rounded ul.frb_menu:after {<br \/>\n\t\t\tborder-bottom-color:#f4f4f4;<\/p>\n<p>\t\t}<\/p>\n<p>\t\t#frb_menu2131098755.frb_menu_container_dropdown-clean ul.frb_menu li,<br \/>\n\t\t#frb_menu2131098755.frb_menu_container_dropdown-squared ul.frb_menu li,<br \/>\n\t\t#frb_menu2131098755.frb_menu_container_dropdown-rounded ul.frb_menu li {<br \/>\n\t\t\tbackground:#f4f4f4;<br \/>\n\t\t}<br \/>\n\t\t#frb_menu2131098755.frb_menu_container_dropdown-clean ul.frb_menu li a {<br \/>\n\t\t\tcolor:#808080;<br \/>\n\t\t\tborder-top:1px solid #ebecee;<br \/>\n\t\t}<br \/>\n\t\t#frb_menu2131098755.frb_menu_container_dropdown-squared ul.frb_menu li a,<br \/>\n\t\t#frb_menu2131098755.frb_menu_container_dropdown-rounded ul.frb_menu li a {<br \/>\n\t\t\tcolor:#808080;<br \/>\n\t\t}<br \/>\n\t\t#frb_menu2131098755.frb_menu_container_dropdown-squared ul.frb_menu li a,<br \/>\n\t\t#frb_menu2131098755.frb_menu_container_dropdown-rounded ul.frb_menu li a {<br \/>\n\t\t\tcolor:#808080;<br \/>\n\t\t}<br \/>\n\t\t#frb_menu2131098755.frb_menu_container_dropdown-clean ul.frb_menu li:first-child a {<br \/>\n\t\t\tborder-top:1px solid #27a8e1;<br \/>\n\t\t}<\/p>\n<\/style>\n<div id=\"frb_menu2131098755\" class=\"frb_menu_container frb_menu_container_horizontal-clean\">\n<ul id=\"menu-menu-1\" class=\"frb_menu frb_menu_horizontal-clean\" data-textcolor=\"rgb(11, 59, 241)\" data-hovercolor=\"#27a8e1\" data-hovertextcolor=\"#ffffff\" data-subtextcolor=\"#808080\">\n<li id=\"menu-item-255\" class=\"menu-item menu-item-type-post_type menu-item-object-page menu-item-has-children menu-item-255\" style=\"list-style-type: none;\">\n<ul class=\"sub-menu\">\n<li id=\"menu-item-253\" class=\"menu-item menu-item-type-post_type menu-item-object-page menu-item-privacy-policy menu-item-253\"><\/li>\n<\/ul>\n<\/li>\n<\/ul>\n<\/div>\n<\/div>\n<style><\/style>\n<\/div>\n<\/div>\n<\/div>\n<div style=\"clear: both;\"><\/div>\n<\/div>\n<\/div>\n<style><\/style>\n<div class=\"pbuilder_row pbuilder_row_id_1\" style=\"border: none;\" data-rowtype=\"0\" data-rowid=\"1\">\n<div class=\"pbuilder_row_colwrapper\" style=\"margin-top: 36px; padding: 10px 20px 10px 20px;\">\n<div class=\"pbuilder_column pbuilder_column-1-1\" data-colnumber=\"0\">\n<div class=\"pbuilder_column_background\"><\/div>\n<div class=\" pbuilder_column_inner pbuilder_droppable\">\n<div class=\"pbuilder_module\" data-shortcode=\"text\" data-modid=\"7\">\n<style type=\"text\/css\" scoped=\"scoped\">\n    #frb_text_889239062, #frb_text_889239062 *{letter-spacing:0px;}<br \/>\n    #frb_text_889239062 a{color: #111111;}<br \/>\n    #frb_text_889239062 a:hover{color: #444444;}@media only screen and (max-width : 768px) {<br \/>\n        #frb_text_889239062{font-size:12px !important;}<br \/>\n        #frb_text_889239062 .frb_button_icon{font-size:26px !important;}<\/p>\n<p>      }<\/style>\n<style type=\"text\/css\" scoped=\"scoped\">#frb_text_889239062.frb_onScreen.frb_animated {-webkit-animation-duration: 1000ms; animation-duration: 1000ms;}#frb_text_889239062.frb_onScreen.frb_hinge {-webkit-animation-duration: 2000ms; animation-duration: 2000ms;}<\/style>\n<div id=\"frb_text_889239062\" class=\"\" style=\"margin: 36px 0px 10px 0px; padding: 0px 0px 0px 0px; border: none; text-align: left; font-size: 30px; line-height: 40px;\">\n<div class=\"frb_text\" style=\"color: #111111;\"><strong>Beherbergungsvertrag <\/strong><\/div>\n<\/div>\n<\/div>\n<div class=\"pbuilder_module\" data-shortcode=\"separator\" data-modid=\"21\">\n<style type=\"text\/css\" scoped=\"scoped\">#frb_separator_220809341.frb_onScreen.frb_animated {-webkit-animation-duration: 1000ms; animation-duration: 1000ms;}#frb_separator_220809341.frb_onScreen.frb_hinge {-webkit-animation-duration: 2000ms; animation-duration: 2000ms;}<\/style>\n<div id=\"frb_separator_220809341\" class=\"frb_separator \" style=\"border-top: 1px solid #bdc3c7; padding-bottom: 15px;\"><\/div>\n<style><\/style>\n<\/div>\n<div class=\"pbuilder_module\" data-shortcode=\"text\" data-modid=\"6\">\n<style type=\"text\/css\" scoped=\"scoped\">\n    #frb_text_516143417, #frb_text_516143417 *{letter-spacing:0px;}<br \/>\n    #frb_text_516143417 a{color: rgb(1, 1, 1);}<br \/>\n    #frb_text_516143417 a:hover{color: rgb(1, 1, 1);}@media only screen and (max-width : 768px) {<br \/>\n        #frb_text_516143417{font-size:12px !important;}<br \/>\n        #frb_text_516143417 .frb_button_icon{font-size:26px !important;}<\/p>\n<p>      }<\/style>\n<style type=\"text\/css\" scoped=\"scoped\">#frb_text_516143417.frb_onScreen.frb_animated {-webkit-animation-duration: 1000ms; animation-duration: 1000ms;}#frb_text_516143417.frb_onScreen.frb_hinge {-webkit-animation-duration: 2000ms; animation-duration: 2000ms;}<\/style>\n<div id=\"frb_text_516143417\" class=\"\" style=\"margin: 0px 0px 36px 0px; padding: 0px 0px 0px 0px; border: none; text-align: left; font-size: 30px; line-height: 40px;\">\n<div class=\"frb_text\" style=\"color: #010101;\"><strong> \u00a7 1 Abschlu\u00df des Gastaufnahmevertrages \/ Beherbergungsvertrages<\/strong><\/p>\n<p>Der Gastaufnahmevertrag ist verbindlich abgeschlossen, wenn die Unterkunft bestellt und zugesagt oder kurzfristig bereitgestellt wird. Die Buchung kann m\u00fcndlich, schriftlich oder per Telefax erfolgen. Im Interesse der Vertragsparteien sollte die Schriftform gew\u00e4hlt werden.<br \/>\nDie Buchung erfolgt durch den buchenden Gast auch f\u00fcr alle in der Buchung mit aufgef\u00fchrten Personen, f\u00fcr deren Vertragsverpflichtungen der buchende Gast wie f\u00fcr seine eigenen Verpflichtungen einsteht, sofern er eine entsprechende gesonderte Verpflichtung durch ausdr\u00fcckliche und gesonderte Erkl\u00e4rung \u00fcbernommen hat.<\/p>\n<p><strong>\u00a72 Leistungen, Preise und Bezahlung<\/strong><\/p>\n<p>Die vom Beherbergungsbetrieb geschuldeten Leistungen ergeben sich ausschlie\u00dflich aus dem Buchungsangebot in Verbindung mit den Angaben im Gastgeberverzeichnis, Prospekt bzw. Internet.<br \/>\nDie im Gastgeberverzeichnis, Prospekt bzw. Internet angegebenen Preise sind Endpreise und schlie\u00dfen alle Nebenkosten ein, soweit nichts anderes vereinbart ist.<br \/>\nWenn der jeweilige Beherbergungsbetrieb es verlangt, ist mit der verbindlichen Buchung eine Anzahlung nach Vereinbarung zu zahlen. Anderenfalls ist der vereinbarte Preis, einschlie\u00dflich aller Nebenkosten, am Tage der Anreise f\u00e4llig, soweit nicht anderes vereinbart ist.<\/p>\n<p><strong>\u00a7 3 R\u00fccktritt<\/strong><\/p>\n<p>Der Abschlu\u00df des Gastaufnahmevertrages verpflichtet beide Vertragspartner zur Erf\u00fcllung des Vertrages, gleichg\u00fcltig, f\u00fcr welche Dauer der Vertrag abgeschlossen ist.<br \/>\nEin einseitiger, kostenfreier R\u00fccktritt seitens des Gastes von einer verbindlichen Buchung ist ausgeschlossen, es sei denn, der Inhaber des Beherbergungsbetriebes erkl\u00e4rt ausnahmsweise seine Zustimmung.<br \/>\nTritt der Gast vom Vertrag zur\u00fcck, ist er verpflichtet, unabh\u00e4ngig vom Zeitpunkt und vom Grund des R\u00fccktritts, den vereinbarten oder betriebs\u00fcblichen Preis einschlie\u00dflich des Verpflegungsanteils zu zahlen. Der Inhaber des Beherbergungsbetriebes muss sich jedoch ersparte Aufwendungen auf den Erf\u00fcllungsanspruch anrechnen lassen. \u00dcblicherweise wird der Wert der ersparten Aufwendungen bei \u00dcbernachtung mit Fr\u00fchst\u00fcck pauschal mit 20%, bei \u00dcbernachtung mit Halbpension pauschal mit 30%, bei \u00dcbernachtung mit Vollpension pauschal mit 40% und bei Vermietung einer Ferienwohnung oder eines Ferienhauses pauschal mit 10 % bis 20% des Unterkunftspreises als angemessen anerkannt.<br \/>\nDer Inhaber eines Beherbergungsbetriebes hat nach Treu und Glauben eine nicht in Anspruch genommene Unterkunft anderweitig zu vermieten und muss sich das dadurch Ersparte auf seinen Erf\u00fcllungsanspruch anrechnen lassen. Dem Gast bleibt der Nachweis vorbehalten, dass dem Beherbergungsbetrieb ein geringerer Schaden entstanden ist.<br \/>\nDie R\u00fccktritterkl\u00e4rung ist an den Beherbergungsbetrieb zu richten und sollte im Interesse des Gastes schriftlich erfolgen.<br \/>\nBuchen ohne Risiko:<br \/>\nDer Abschlu\u00df einer Reiser\u00fccktrittskostenversicherung wird dringend empfohlen.<br \/>\nNichtbereitstellen der Beherbergungsleistung<br \/>\nDie Nichtbereitstellung der Unterkunft begr\u00fcndet eine Schadensersatzpflicht des Inhabers des Beherbergungsbetriebes dem Gast gegen\u00fcber.<\/p>\n<p><strong>\u00a74 M\u00e4ngel der Beherbergungsleistung<\/strong><\/p>\n<p>Der Beherbergungsbetrieb haftet f\u00fcr die ordnungsgem\u00e4\u00dfe Erbringung der vertraglich vereinbarten Leistung. Weist die gemietete Unterkunft einen Mangel auf, der \u00fcber eine blo\u00dfe Unannehmlichkeit hinausgeht, hat der Gast dem Inhaber des<br \/>\nBeherbergungsbetriebes oder dessen Beauftragten den Mangel unverz\u00fcglich anzuzeigen und Abhilfe zu verlangen.<\/p>\n<p><strong>\u00a75 Haftung<\/strong><\/p>\n<p>Die vertragliche Haftung des Beherbergungsbetriebes f\u00fcr Sch\u00e4den, die nicht<br \/>\nK\u00f6rpersch\u00e4den sind und f\u00fcr die der Inhaber des Beherbergungsbetriebes oder dessen<br \/>\nErf\u00fcllungsgehilfen verantwortlich sind, ist auf den dreifachen Preis der vereinbarten Leistung beschr\u00e4nkt, soweit der Schaden nicht auf eine grob fahrl\u00e4ssige oder vors\u00e4tzliche Pflichtverletzung beruht.<br \/>\nDer Beherbergungsbetrieb haftet nicht f\u00fcr Leistungsst\u00f6rungen im Zusammenhang mit Leistungen, die als Fremdleistungen lediglich vermittelt werden (z.B.<br \/>\nSportveranstaltungen, Theater- und Konzertbesuche, Ausstellungen usw.) und die ausdr\u00fccklich als Fremdleistungen gekennzeichnet sind.<\/p>\n<p><strong>\u00a76 Verj\u00e4hrung, Gerichtsstand<\/strong><\/p>\n<p>Vertragliche Anspr\u00fcche sowie Schadensersatzanspr\u00fcche aus dem Gastaufnahmevertrag verj\u00e4hren in zwei Jahren. Anspr\u00fcche aus unerlaubter Handlung unterliegen einer Verj\u00e4hrung von drei Jahren.<br \/>\nGerichtsstand<br \/>\nGerichtsstand f\u00fcr Klagen des Gastes gegen den Beherbergungsbetrieb ist ausschlie\u00dflich der Sitz des Beherbergungsbetriebes<br \/>\nF\u00fcr Kaufleute, juristische Personen des \u00f6ffentlichen oder privaten Rechts oder Personen, die keinen allgemeinen Gerichtsstand in Deutschland haben, wird als ausschlie\u00dflicher Gerichtsstand f\u00fcr Klagen des Beherbergungsbetriebes der Sitz des Beherbergungsbetriebes vereinbart.#<\/p>\n<p><strong>\u00a77 Unwirksamkeit<\/strong><\/p>\n<p>Die Unwirksamkeit einzelner Bestimmungen des Gastaufnahmevertrages oder der Gastaufnahmebedingungen f\u00fchrt nicht zur Unwirksamkeit des gesamten Vertrages.<\/p>\n<\/div>\n<\/div>\n<\/div>\n<\/div>\n<\/div>\n<div style=\"clear: both;\"><\/div>\n<\/div>\n<\/div>\n<style><\/style>\n<div class=\"pbuilder_row pbuilder_row_id_0\" data-rowtype=\"3\" data-rowid=\"0\">\n<div class=\"pbuilder_row_colwrapper\" style=\"padding: 0px 0px 0px 0px;\">\n<div class=\"pbuilder_column pbuilder_column-1-3\" data-colnumber=\"0\">\n<div class=\"pbuilder_column_background\" style=\"border: none;\"><\/div>\n<div class=\" pbuilder_column_inner pbuilder_droppable\">\n<div class=\"pbuilder_module\" data-shortcode=\"text\" data-modid=\"30\">\n<style type=\"text\/css\" scoped=\"scoped\">\n    #frb_text_159282609, #frb_text_159282609 *{letter-spacing:0px;}<br \/>\n    #frb_text_159282609 a{color: #808080;}<br \/>\n    #frb_text_159282609 a:hover{color: #808080;}@media only screen and (max-width : 768px) {<br \/>\n        #frb_text_159282609{font-size:12px !important;}<br \/>\n        #frb_text_159282609 .frb_button_icon{font-size:26px !important;}<\/p>\n<p>      }<\/style>\n<style type=\"text\/css\" scoped=\"scoped\">#frb_text_159282609.frb_onScreen.frb_animated {-webkit-animation-duration: 1000ms; animation-duration: 1000ms;}#frb_text_159282609.frb_onScreen.frb_hinge {-webkit-animation-duration: 2000ms; animation-duration: 2000ms;}<\/style>\n<div id=\"frb_text_159282609\" class=\"\" style=\"margin: 0px 0px 36px 0px; padding: 0px 0px 0px 0px; border: none; text-align: left;\">\n<div class=\"frb_text\" style=\"color: #808080;\">(c) Markus Schneider<\/div>\n<\/div>\n<\/div>\n<\/div>\n<\/div>\n<div class=\"pbuilder_column pbuilder_column-2-3\" data-colnumber=\"1\">\n<div class=\"pbuilder_column_background\" style=\"border: none;\"><\/div>\n<div class=\" pbuilder_column_inner pbuilder_droppable\"><\/div>\n<\/div>\n<div style=\"clear: both;\"><\/div>\n<\/div>\n<\/div>\n<style><\/style>\n<\/div>\n<div style=\"clear: both;\"><\/div>\n<\/div>\n<div style=\"clear: both;\"><\/div>\n<\/div>\n","protected":false},"excerpt":{"rendered":"<p>Beherbergungsvertrag \u00a7 1 Abschlu\u00df des Gastaufnahmevertrages \/ Beherbergungsvertrages Der Gastaufnahmevertrag ist verbindlich abgeschlossen, wenn die Unterkunft bestellt und zugesagt oder kurzfristig bereitgestellt wird. Die Buchung kann m\u00fcndlich, schriftlich oder per Telefax erfolgen. Im Interesse der Vertragsparteien sollte die Schriftform gew\u00e4hlt werden. Die Buchung erfolgt durch den buchenden Gast auch f\u00fcr alle in der Buchung mit [&hellip;]<\/p>\n","protected":false},"author":1,"featured_media":0,"parent":0,"menu_order":0,"comment_status":"closed","ping_status":"closed","template":"","meta":{"footnotes":""},"class_list":["post-94","page","type-page","status-publish","hentry"],"_links":{"self":[{"href":"http:\/\/ferienwohnung-voelklingen-city.de\/index.php?rest_route=\/wp\/v2\/pages\/94","targetHints":{"allow":["GET"]}}],"collection":[{"href":"http:\/\/ferienwohnung-voelklingen-city.de\/index.php?rest_route=\/wp\/v2\/pages"}],"about":[{"href":"http:\/\/ferienwohnung-voelklingen-city.de\/index.php?rest_route=\/wp\/v2\/types\/page"}],"author":[{"embeddable":true,"href":"http:\/\/ferienwohnung-voelklingen-city.de\/index.php?rest_route=\/wp\/v2\/users\/1"}],"replies":[{"embeddable":true,"href":"http:\/\/ferienwohnung-voelklingen-city.de\/index.php?rest_route=%2Fwp%2Fv2%2Fcomments&post=94"}],"version-history":[{"count":12,"href":"http:\/\/ferienwohnung-voelklingen-city.de\/index.php?rest_route=\/wp\/v2\/pages\/94\/revisions"}],"predecessor-version":[{"id":339,"href":"http:\/\/ferienwohnung-voelklingen-city.de\/index.php?rest_route=\/wp\/v2\/pages\/94\/revisions\/339"}],"wp:attachment":[{"href":"http:\/\/ferienwohnung-voelklingen-city.de\/index.php?rest_route=%2Fwp%2Fv2%2Fmedia&parent=94"}],"curies":[{"name":"wp","href":"https:\/\/api.w.org\/{rel}","templated":true}]}}